f 30 and 110.
10
Calculate the highest common divisor of 2875 and 125.
125
Calculate the greatest common divisor of 7 and 11669.
7
What is the greatest common divisor of 84 and 408?
12
Calculate the greatest common factor of 80 and 48.
16
Calculate the greatest common divisor of 3 and 666.
3
What is the greatest common factor of 7326 and 594?
198
Calculate the greatest common factor of 848 and 16.
16
Calculate the highest common factor of 64 and 48.
16
What is the greatest common factor of 2090 and 3190?
110
Calculate the greatest common factor of 33 and 9141.
33
What is the highest common factor of 80 and 50?
10
Calculate the greatest common factor of 17976 and 56.
56
What is the highest common factor of 14 and 3031?
7
Calculate the highest common factor of 261 and 29.
29
Calculate the greatest common factor of 124 and 31.
31
Calculate the greatest common factor of 189 and 14.
7
What is the highest common factor of 10034 and 58?
58
Calculate the highest common divisor of 74 and 259.
37
Calculate the greatest common divisor of 39 and 65.
13
What is the highest common divisor of 4 and 124?
4
What is the highest common divisor of 11670 and 30?
30
Calculate the greatest common divisor of 6039 and 297.
99
Calculate the highest common factor of 165 and 561.
33
Calculate the greatest common divisor of 40 and 18820.
20
What is the highest common divisor of 256 and 4768?
32
Calculate the highest common divisor of 308 and 2044.
28
Calculate the highest common divisor of 7 and 1792.
7
What is the greatest common divisor of 1332 and 396?
36
Calculate the greatest common divisor of 414 and 13869.
207
Calculate the greatest common factor of 42 and 1190.
14
What is the highest common divisor of 762 and 889?
127
What is the highest common divisor of 2379 and 351?
39
Calculate the greatest common divisor of 15 and 795.
15
What is the highest common factor of 78 and 1118?
26
Calculate the greatest common factor of 4467 and 6.
3
What is the greatest common factor of 8 and 6088?
8
Calculate the greatest common factor of 7511 and 518.
259
Calculate the highest common divisor of 198 and 462.
66
What is the greatest common factor of 3 and 3492?
3
Calculate the greatest common factor of 2170 and 30.
10
What is the highest common divisor of 102 and 16456?
34
What is the greatest common factor of 9079 and 14?
7
What is the greatest common factor of 2208 and 1248?
96
What is the greatest common factor of 18 and 1062?
18
Calculate the greatest common factor of 994 and 1846.
142
What is the greatest common factor of 10720 and 40?
40
Calculate the greatest common divisor of 699 and 7223.
233
Calculate the highest common factor of 8150 and 200.
50
What is the highest common factor of 80 and 208?
16
What is the greatest common divisor of 21 and 12?
3
Calculate the highest common factor of 1 and 27.
1
What is the highest common divisor of 181 and 1?
1
What is the highest common factor of 81 and 3564?
81
Calculate the greatest common divisor of 4 and 22.
2
What is the greatest common divisor of 16 and 764?
4
Calculate the highest common divisor of 360 and 2664.
72
Calculate the greatest common factor of 208 and 143.
13
Calculate the highest common divisor of 19101 and 3.
3
What is the highest common factor of 1140 and 1440?
60
Calculate the highest common factor of 85 and 51.
17
What is the greatest common divisor of 21 and 1239?
21
What is the greatest common factor of 11 and 6?
1
Calculate the highest common divisor of 189 and 1344.
21
What is the highest common factor of 511 and 112?
7
What is the highest common factor of 2479 and 335?
67
Calculate the greatest common factor of 180 and 990.
90
Calculate the greatest common factor of 300 and 9.
3
Calculate the highest common divisor of 219 and 80373.
219
Calculate the greatest common divisor of 5002 and 738.
82
Calculate the greatest common factor of 1200 and 100.
100
What is the highest common divisor of 70 and 1645?
35
What is the highest common factor of 418 and 33?
11
Calculate the greatest common divisor of 28 and 13538.
14
Calculate the highest common divisor of 882 and 490.
98
Calculate the greatest common divisor of 444 and 228.
12
Calculate the highest common divisor of 750 and 48.
6
What is the greatest common factor of 425 and 75?
25
Calculate the greatest common factor of 24 and 192.
24
Calculate the greatest common factor of 456 and 171.
57
Calculate the highest common divisor of 196 and 1666.
98
Calculate the greatest common divisor of 6809 and 33.
11
What is the highest common divisor of 95 and 209?
19
What is the greatest common divisor of 62514 and 69?
69
Calculate the highest common divisor of 1611 and 358.
179
Calculate the highest common divisor of 75 and 7725.
75
Calculate the greatest common factor of 6062 and 14.
14
What is the highest common factor of 243 and 2592?
81
Calculate the highest common factor of 60 and 140.
20
Calculate the greatest common factor of 216 and 8928.
72
What is the greatest common divisor of 924 and 1617?
231
Calculate the highest common factor of 9 and 1.
1
What is the highest common factor of 105 and 1554?
21
What is the greatest common factor of 243 and 27?
27
What is the greatest common divisor of 1680 and 3840?
240
What is the greatest common divisor of 753 and 12?
3
What is the greatest common divisor of 19560 and 120?
120
What is the greatest common factor of 7 and 6?
1
What is the greatest common factor of 850 and 170?
170
What is the greatest common divisor of 666 and 962?
74
What is the greatest common divisor of 1 and 61?
1
Calculate the greatest common divisor of 119 and 612.
17
Calculate the greatest common factor of 1196 and 338.
26
Calculate the highest common factor of 275 and 4345.
55
Calculate the highest common divisor of 16 and 7024.
16
What is the greatest common factor of 12 and 4152?
12
What is the greatest common factor of 34 and 187?
17
Calculate the highest common divisor of 22 and 110.
22
Calculate the greatest common divisor of 45 and 195.
15
What is the highest common factor of 2223 and 63?
9
What is the greatest common divisor of 96 and 7648?
32
Calculate the greatest common factor of 364 and 84.
28
What is the greatest common divisor of 138 and 19182?
138
Calculate the greatest common divisor of 11150 and 125.
25
Calculate the highest common divisor of 5649 and 21.
21
Calculate the greatest common divisor of 21 and 3045.
21
Calculate the highest common divisor of 1470 and 30.
30
What is the highest common factor of 35112 and 56?
56
Calculate the highest common factor of 14 and 21.
7
What is the greatest common divisor of 384 and 6?
6
What is the highest common factor of 8 and 82?
2
Calculate the highest common factor of 261 and 711.
9
What is the greatest common factor of 4948 and 8?
4
Calculate the greatest common divisor of 55 and 176.
11
What is the greatest common divisor of 23247 and 1148?
287
What is the greatest common divisor of 152 and 19?
19
Calculate the greatest common divisor of 6545 and 44.
11
Calculate the highest common factor of 833 and 1127.
49
What is the greatest common divisor of 24 and 8748?
12
What is the greatest common factor of 300 and 975?
75
What is the highest common factor of 902 and 369?
41
What is the greatest common divisor of 87 and 319?
29
Calculate the greatest common divisor of 486 and 891.
81
Calculate the highest common divisor of 16702 and 14.
14
What is the greatest common factor of 44 and 704?
44
What is the greatest common divisor of 808 and 24?
8
Calculate the highest common divisor of 194 and 873.
97
Calculate the greatest common factor of 1752 and 48.
24
What is the greatest common divisor of 992 and 64?
32
Calculate the greatest common divisor of 48 and 804.
12
What is the highest common divisor of 2499 and 4557?
147
Calculate the highest common divisor of 168 and 4.
4
What is the highest common factor of 3066 and 126?
42
Calculate the greatest common divisor of 210 and 15.
15
What is the greatest common divisor of 416 and 260?
52
Calculate the greatest common divisor of 928 and 29.
29
Calculate the greatest common divisor of 49 and 1078.
49
What is the greatest common divisor of 250 and 100?
50
What is the greatest common factor of 171 and 1824?
57
Calculate the greatest common divisor of 4763 